 88?
8
Calculate the greatest common factor of 24713 and 52.
13
Calculate the greatest common divisor of 25232 and 166.
166
What is the highest common factor of 105 and 175?
35
What is the highest common divisor of 14 and 3402?
14
What is the greatest common factor of 10 and 215?
5
Calculate the highest common divisor of 245 and 2.
1
Calculate the highest common factor of 1463 and 627.
209
Calculate the highest common factor of 96 and 192.
96
What is the highest common divisor of 33 and 240?
3
Calculate the highest common factor of 15 and 135.
15
Calculate the greatest common divisor of 48 and 900.
12
Calculate the highest common divisor of 1827 and 29.
29
What is the greatest common factor of 1313 and 13?
13
What is the highest common divisor of 90 and 261?
9
Calculate the highest common divisor of 762 and 54.
6
Calculate the highest common divisor of 98 and 833.
49
What is the greatest common factor of 6976 and 4?
4
What is the highest common divisor of 3 and 96?
3
What is the greatest common factor of 5148 and 130?
26
What is the greatest common divisor of 2100 and 6720?
420
Calculate the highest common factor of 25 and 10.
5
Calculate the highest common factor of 28 and 126.
14
Calculate the highest common divisor of 3728 and 16.
16
Calculate the highest common divisor of 700 and 126.
14
Calculate the greatest common divisor of 207 and 33.
3
Calculate the highest common factor of 1935 and 150.
15
What is the highest common factor of 56 and 2296?
56
Calculate the greatest common factor of 60 and 84.
12
What is the greatest common divisor of 3512 and 18877?
439
Calculate the highest common divisor of 176 and 2552.
88
What is the greatest common factor of 8 and 928?
8
Calculate the highest common divisor of 1029 and 21.
21
What is the greatest common factor of 188 and 235?
47
What is the highest common factor of 112 and 4116?
28
Calculate the highest common divisor of 112 and 3416.
56
What is the greatest common divisor of 333 and 27?
9
What is the greatest common factor of 5047 and 103?
103
Calculate the greatest common divisor of 120 and 30640.
40
Calculate the highest common factor of 40 and 760.
40
What is the highest common divisor of 12 and 78?
6
What is the greatest common factor of 87 and 123?
3
What is the highest common factor of 108 and 126?
18
Calculate the greatest common divisor of 36 and 54.
18
Calculate the highest common divisor of 154 and 682.
22
Calculate the greatest common divisor of 112 and 1328.
16
Calculate the highest common factor of 260 and 940.
20
What is the highest common divisor of 975 and 39?
39
Calculate the highest common factor of 2533 and 17.
17
Calculate the greatest common factor of 10 and 2.
2
Calculate the highest common divisor of 23 and 529.
23
What is the highest common factor of 420 and 792?
12
What is the greatest common divisor of 225 and 720?
45
Calculate the highest common divisor of 113 and 13560.
113
Calculate the highest common factor of 26 and 221.
13
Calculate the greatest common divisor of 324 and 11232.
108
Calculate the greatest common divisor of 72 and 324.
36
Calculate the greatest common divisor of 1060 and 8.
4
Calculate the greatest common divisor of 18 and 657.
9
Calculate the greatest common factor of 345 and 69.
69
What is the greatest common factor of 11 and 891?
11
What is the greatest common factor of 125 and 4500?
125
What is the highest common divisor of 48 and 60?
12
What is the greatest common divisor of 40 and 160?
40
Calculate the greatest common factor of 10330 and 10.
10
What is the highest common factor of 105 and 42?
21
What is the greatest common divisor of 30 and 1785?
15
Calculate the greatest common divisor of 644 and 92.
92
What is the highest common factor of 96 and 64?
32
Calculate the greatest common factor of 490 and 120.
10
Calculate the greatest common divisor of 18827 and 562.
281
What is the greatest common factor of 4610 and 10?
10
Calculate the highest common divisor of 132 and 60.
12
What is the highest common factor of 225 and 3250?
25
What is the highest common divisor of 1378 and 424?
106
Calculate the highest common factor of 48 and 60.
12
Calculate the greatest common factor of 21 and 35.
7
What is the greatest common factor of 61 and 244?
61
Calculate the greatest common factor of 196 and 5978.
98
Calculate the highest common divisor of 158 and 2054.
158
What is the greatest common divisor of 2444 and 676?
52
Calculate the greatest common factor of 18 and 450.
18
What is the greatest common factor of 30 and 78?
6
Calculate the greatest common factor of 21 and 14.
7
What is the greatest common divisor of 8 and 9368?
8
What is the greatest common factor of 737 and 134?
67
Calculate the greatest common divisor of 8471 and 301.
43
Calculate the greatest common divisor of 1738 and 11.
11
What is the highest common factor of 8649 and 372?
93
Calculate the greatest common factor of 6 and 45.
3
What is the greatest common divisor of 2752 and 272?
16
What is the highest common divisor of 1170 and 91?
13
Calculate the greatest common factor of 73 and 4307.
73
Calculate the highest common factor of 360 and 24.
24
What is the greatest common divisor of 2020 and 20?
20
What is the greatest common divisor of 5 and 1255?
5
What is the greatest common divisor of 10254 and 6?
6
What is the highest common divisor of 88 and 682?
22
Calculate the highest common factor of 1927 and 94.
47
Calculate the highest common divisor of 1818 and 126.
18
Calculate the highest common divisor of 4 and 932.
4
Calculate the highest common divisor of 1730 and 11072.
346
What is the highest common factor of 155 and 8?
1
What is the highest common factor of 2000 and 32?
16
What is the highest common divisor of 105 and 15?
15
What is the highest common divisor of 527 and 62?
31
What is the greatest common factor of 12 and 43356?
12
Calculate the greatest common divisor of 417 and 27.
3
What is the greatest common factor of 435 and 165?
15
What is the greatest common divisor of 140 and 301?
7
Calculate the highest common factor of 5 and 830.
5
What is the greatest common divisor of 6580 and 752?
188
Calculate the greatest common factor of 2655 and 225.
45
Calculate the highest common factor of 4 and 3844.
4
What is the highest common factor of 32 and 108?
4
What is the greatest common factor of 18 and 4626?
18
Calculate the highest common divisor of 2751 and 21.
21
Calculate the greatest common factor of 72 and 72.
72
Calculate the greatest common factor of 31 and 837.
31
What is the greatest common divisor of 57 and 57?
57
Calculate the greatest common divisor of 11795 and 35.
35
What is the greatest common divisor of 2272 and 160?
32
Calculate the highest common divisor of 25569 and 54.
27
Calculate the greatest common factor of 22 and 583.
11
Calculate the greatest common factor of 341 and 124.
31
What is the greatest common divisor of 88 and 308?
44
Calculate the greatest common divisor of 588 and 348.
12
What is the greatest common factor of 10704 and 48?
48
What is the highest common divisor of 13496 and 112?
56
Calculate the highest common factor of 858 and 198.
66
Calculate the highest common divisor of 26 and 117.
13
Calculate the highest common factor of 40 and 40.
40
Calculate the highest common divisor of 10 and 40.
10
Calculate the greatest common factor of 7 and 56.
7
Calculate the highest common divisor of 25 and 1075.
25
What is the greatest common factor of 13 and 61?
1
What is the greatest common divisor of 18863 and 13?
13
Calculate the highest common divisor of 156 and 52.
52
What is the greatest common divisor of 279 and 1710?
9
Calculate the greatest common factor of 69 and 621.
69
Calculate the highest common factor of 171 and 1824.
57
Calculate the highest common factor of 1199 and 109.
109
Calculate the highest common factor of 3 and 28.
1
What is the greatest common divisor of 1407 and 651?
21
What is the greatest common factor of 54 and 9774?
54
What is the greatest common factor of 4 and 492?
4
What is the highest common factor of 9734 and 62?
62
Calculate the greatest common factor of 279 and 729.
9
What is the greatest common divisor of 120 and 8040?
120
What is the highest common divisor of 5 and 160?
5
Calculate the greatest common divisor of 360 an